se
Is 1914136 a multiple of 98?
True
Is 140 a factor of 4333000?
True
Does 24 divide 28664?
False
Is 73 a factor of 684739?
False
Is 1473573 a multiple of 373?
False
Is 231 a factor of 3675820?
False
Is 1528956 a multiple of 13?
True
Does 2 divide 6136?
True
Is 49253 a multiple of 28?
False
Is 12 a factor of 62342?
False
Does 65 divide 8116181?
False
Is 51062 a multiple of 14?
False
Does 115 divide 7058355?
True
Is 218774 a multiple of 102?
False
Is 151402 a multiple of 10?
False
Does 9 divide 777265?
False
Does 17 divide 3388311?
False
Is 409 a factor of 44456?
False
Is 31388 a multiple of 28?
True
Is 3224070 a multiple of 549?
False
Does 6 divide 695061?
False
Is 1898945 a multiple of 95?
False
Is 197 a factor of 30662236?
False
Does 10 divide 1597225?
False
Does 163 divide 6554556?
True
Does 7 divide 22602?
False
Is 2572075 a multiple of 517?
True
Does 273 divide 587769?
True
Does 2 divide 27616?
True
Is 79 a factor of 349811?
False
Does 2236 divide 21446756?
False
Is 1174 a factor of 19307604?
True
Is 282639 a multiple of 129?
True
Is 2431360 a multiple of 80?
True
Is 54 a factor of 1832652?
True
Is 7 a factor of 77098?
True
Does 188 divide 50948?
True
Does 6 divide 10241?
False
Is 110950 a multiple of 14?
True
Is 318976 a multiple of 356?
True
Is 17997 a multiple of 2?
False
Is 162360 a multiple of 22?
True
Does 51 divide 67065?
True
Is 791 a factor of 4580681?
True
Is 56 a factor of 7569271?
False
Does 32 divide 651226?
False
Does 11 divide 1289798?
False
Does 31 divide 144829?
False
Does 28 divide 11213297?
False
Is 2461679 a multiple of 525?
False
Does 81 divide 197342?
False
Is 161 a factor of 2858160?
False
Is 27 a factor of 21242?
False
Is 32 a factor of 564064?
True
Is 291776 a multiple of 188?
True
Is 58156 a multiple of 434?
True
Is 82 a factor of 202759?
False
Does 2086 divide 10300668?
True
Does 77 divide 35470?
False
Is 857472 a multiple of 55?
False
Does 6 divide 108560?
False
Does 16 divide 1647696?
True
Does 596 divide 3653989?
False
Does 437 divide 157320?
True
Does 60 divide 127525?
False
Is 61 a factor of 408081?
False
Is 34300 a multiple of 20?
True
Does 35 divide 647163?
False
Does 2 divide 301790?
True
Is 26 a factor of 38464?
False
Does 53 divide 2199765?
True
Is 154 a factor of 46354?
True
Does 252 divide 239468?
False
Does 10 divide 157327?
False
Is 34 a factor of 77500?
False
Is 4 a factor of 3830477?
False
Does 2 divide 114763?
False
Is 188554 a multiple of 23?
True
Is 11 a factor of 6022?
False
Does 4 divide 1154177?
False
Is 467065 a multiple of 28?
False
Is 69668 a multiple of 2?
True
Is 11 a factor of 24356376?
True
Is 158 a factor of 6363924?
True
Is 6921435 a multiple of 114?
False
Is 68 a factor of 24292?
False
Is 140976 a multiple of 18?
True
Does 23 divide 125442?
True
Is 896 a factor of 2203264?
True
Does 13 divide 783055?
True
Is 23 a factor of 126132?
True
Is 3 a factor of 2564703?
True
Is 29 a factor of 14821128?
False
Is 6768618 a multiple of 721?
False
Does 10 divide 201002?
False
Does 2 divide 196188?
True
Does 53 divide 236985?
False
Is 114362 a multiple of 234?
False
Does 211 divide 579195?
True
Is 139 a factor of 1625976?
False
Does 63 divide 391617?
False
Does 244 divide 10311040?
False
Does 31 divide 28241?
True
Does 80 divide 85700?
False
Is 7968 a multiple of 96?
True
Is 8 a factor of 118016?
True
Is 46391 a multiple of 4?
False
Is 58 a factor of 77552?
False
Does 15 divide 3783448?
False
Does 147 divide 51450?
True
Is 347 a factor of 3536129?
False
Does 21 divide 694974?
True
Is 454 a factor of 4264638?
False
Is 38 a factor of 29079?
False
Does 437 divide 2485678?
False
Does 332 divide 193267?
False
Is 10 a factor of 58976?
False
Is 1756 a factor of 5505060?
True
Is 156 a factor of 27300?
True
Is 296326 a multiple of 37?
False
Is 64 a factor of 7213376?
True
Is 7 a factor of 1470434?
True
Is 1809771 a multiple of 133?
False
Does 664 divide 116068?
False
Does 72 divide 23200?
False
Does 90 divide 1501529?
False
Does 98 divide 8914397?
False
Is 600369 a multiple of 339?
True
Is 200845 a multiple of 97?
False
Is 35784 a multiple of 8?
True
Is 8699 a multiple of 92?
False
Is 17 a factor of 183731?
False
Is 1935247 a multiple of 124?
False
Does 2 divide 299866?
True
Is 322560 a multiple of 211?
False
Is 542122 a multiple of 7?
True
Is 1051980 a multiple of 197?
True
Does 24 divide 1220160?
True
Does 50 divide 679116?
False
Does 447 divide 343743?
True
Is 59316 a multiple of 12?
True
Is 14 a factor of 1673475?
False
Is 28500 a multiple of 100?
True
Is 5 a factor of 34580?
True
Is 42 a factor of 81186?
True
Does 83 divide 3607903?
False
Is 22180302 a multiple of 9?
True
Is 107784 a multiple of 54?
True
Is 546 a factor of 744183?
False
Does 107 divide 2276104?
True
Does 12 divide 999906?
False
Is 83 a factor of 31125?
True
Does 21 divide 2816503?
False
Is 310267 a multiple of 17?
True
Is 521910 a multiple of 45?
True
Is 52 a factor of 167682?
False
Is 47 a factor of 154821?
False
Is 123392 a multiple of 128?
True
Is 656676 a multiple of 17?
True
Does 190 divide 10890800?
True
Does 6 divide 10152?
True
Is 71 a factor of 1488018?
True
Is 49 a factor of 1680798?
True
Does 12 divide 198360?
True
Does 25 divide 29456?
False
Is 16 a factor of 999568?
True
Does 3 divide 75054?
True
Does 997 divide 5800546?
True
Is 342 a factor of 734958?
True
Is 49 a factor of 299089?
False
Does 422 divide 101280?
True
Does 263 divide 1644276?
True
Is 123792 a multiple of 99?
False
Is 10 a factor of 627020?
True
Is 337 a factor of 482247?
True
Is 51 a factor of 112925?
False
Is 45 a factor of 151383?
False
Is 9 a factor of 21564?
True
Does 29 divide 1629932?
False
Is 273955 a multiple of 187?
True
Does 12 divide 60456?
True
Is 7169 a multiple of 67?
True
Is 280543 a multiple of 127?
True
Is 377875 a multiple of 77?
False
Is 576180 a multiple of 63?
False
Does 338 divide 99710?
True
Is 63 a factor of 760607?
False
Is 1014 a factor of 472480?
False
Is 2376756 a multiple of 3?
True
Is 66 a factor of 27720?
True
Does 186 divide 2977488?
True
Is 109197 a multiple of 3?
True
Is 936800 a multiple of 16?
True
Does 43 divide 12427?
True
Does 116 divide 5063195?
False
Does 6 divide 23790?
True
Does 26 divide 295256?
True
Does 9 divide 1392579?
True
Is 452325 a multiple of 15?
True
Is 21 a factor of 171318?
True
Does 106 divide 213374?
False
Is 134800 a multiple of 11?
False
Does 13 divide 2502980?
False
Is 2989044 a multiple of 1422?
True
Is 624510 a multiple of 810?
True
Is 395181 a multiple of 57?
True
Is 150708 a multiple of 12?
True
Does 1698 divide 1042263?
False
Is 2 a factor of 41705?
False
Is 3989352 a multiple of 12?
True
Does 659 divide 273389?
False
Does 1254 divide 774793?
False
Does 21 divide 3718298?
False
Does 6 divide 15773?
False
Is 2068 a factor of 8811659?
False
Is 889196 a multiple of 44?
True
Is 468527 a multiple of 101?
False
Is 172 a factor of 556110?
False
Is 540 a factor of 2174040?
True
Does 15 divide 4910313?
False
Does 121 divide 961280?
False
Is 122 a factor of 3631818?
True
Is 21 a factor of 2005416?
True
Does 183 divide 492453?
True
Is 29428704 a multiple of 72?
True
Is 123935 a multiple of 31?
False
Is 90640 a multiple of 30?
False
Is 15049 a multiple of 483?
False
Is 64488 a multiple of 3?
True
Does 47 divide 28785?
False
Is 12 a factor of 206224?
False
Is 49 a factor of 229739?
False
Is 5 a factor of 1044?
False
Is 37272 a multiple of 24?
True
Is 193400 a multiple of 4?
True
Does 23 divide 340076?
False
Does 335 divide 1734672?
False
Is 9567329 a multiple of 583?
False
Is 2 a factor of 3663629?
False
Is 114 a factor of 15788316?
True
Is 96434 a multiple of 13?
True
Is 150 a factor of 3399150?
True
Does 594 divide 61182?
True
Is 4 a factor of 1608?
True
Does 437 divide 7286101?
True
Is 8 a factor of 673700?
False
Is 638148 a multiple of 84?
True
Is 186083 a multiple of 90?
False
Is 496799 a multiple of 443?
False
Does 402 divide 13038066?
True
Does 92 divide 8549652?
True
Does 63 divide 33138?
True
Is 2190720 a multiple of 856?
False
Does 180 divide 283320?
True
Is 2303233 a multiple of 72?
False
Is 56 a factor of 90888?
True
Does 14 divide 7300074?
False
Is 169595 a multiple of 5?
True
Is 8578 a multiple of 17?
False
Does 22 divide 1911321?
False
Is 27369 a multiple of 9?
True
Is 525 a factor